{"id":582,"date":"2025-01-14T02:13:49","date_gmt":"2025-01-14T02:13:49","guid":{"rendered":"https:\/\/wp.dreamitworld.com\/solio\/?page_id=582"},"modified":"2025-10-02T09:53:03","modified_gmt":"2025-10-02T09:53:03","slug":"gallery","status":"publish","type":"page","link":"https:\/\/www.lamudel.com\/?page_id=582","title":{"rendered":"Productos"},"content":{"rendered":"\t\t<div data-elementor-type=\"wp-page\" data-elementor-id=\"582\" class=\"elementor elementor-582\">\n\t\t\t\t\t\t<section class=\"elementor-section elementor-top-section elementor-element elementor-element-a72bb36 elementor-section-boxed elementor-section-height-default elementor-section-height-default\" data-id=\"a72bb36\" data-element_type=\"section\" data-e-type=\"section\">\n\t\t\t\t\t\t<div class=\"elementor-container elementor-column-gap-default\">\n\t\t\t\t\t<div class=\"elementor-column elementor-col-100 elementor-top-column elementor-element elementor-element-5b97ba3\" data-id=\"5b97ba3\" data-element_type=\"column\" data-e-type=\"column\">\n\t\t\t<div class=\"elementor-widget-wrap elementor-element-populated\">\n\t\t\t\t\t\t<section class=\"elementor-section elementor-inner-section elementor-element elementor-element-0f26e9e elementor-section-boxed elementor-section-height-default elementor-section-height-default\" data-id=\"0f26e9e\" data-element_type=\"section\" data-e-type=\"section\">\n\t\t\t\t\t\t<div class=\"elementor-container elementor-column-gap-default\">\n\t\t\t\t\t<div class=\"elementor-column elementor-col-100 elementor-inner-column elementor-element elementor-element-cb5cc13\" data-id=\"cb5cc13\" data-element_type=\"column\" data-e-type=\"column\">\n\t\t\t<div class=\"elementor-widget-wrap elementor-element-populated\">\n\t\t\t\t\n\n\t\t<div class=\"elementor-element elementor-element-7854c17 elementor-widget elementor-widget-section-title\" data-id=\"7854c17\" data-element_type=\"widget\" data-e-type=\"widget\" data-widget_type=\"section-title.default\">\n\t\t\t\t<div class=\"elementor-widget-container\">\n\t\t\t\t\t\r\n\t\t\r\n\t\t\t<div class=\"section-title style1\">\r\n\t\t\t\t \r\n\t\t\t\t\t<h5 class=\"subtitle\">Productos<\/h5>\r\n\t\t\t\t\t\t\t\t\r\n\t\t\t\t \r\n\t\t\t\t\t<h3 class=\"title\">Galer\u00eda de productos<\/h3>\r\n\t\t\t\t\t\t\t\t\r\n\t\t\t\t\t\t\t<\/div>\r\n\r\n\t\t\r\n\t\t\t\t\t\t<\/div>\n\t\t\t\t<\/div>\n\t\t\t\t\t<\/div>\n\t\t<\/div>\n\t\t\t\t\t<\/div>\n\t\t<\/section>\n\t\t\t\t<section class=\"elementor-section elementor-inner-section elementor-element elementor-element-773c058 gallery elementor-section-boxed elementor-section-height-default elementor-section-height-default\" data-id=\"773c058\" data-element_type=\"section\" data-e-type=\"section\">\n\t\t\t\t\t\t<div class=\"elementor-container elementor-column-gap-default\">\n\t\t\t\t\t<div class=\"elementor-column elementor-col-33 elementor-inner-column elementor-element elementor-element-3508827\" data-id=\"3508827\" data-element_type=\"column\" data-e-type=\"column\">\n\t\t\t<div class=\"elementor-widget-wrap elementor-element-populated\">\n\t\t\t\t\t\t<div class=\"elementor-element elementor-element-b241c9f elementor-widget elementor-widget-image\" data-id=\"b241c9f\" data-element_type=\"widget\" data-e-type=\"widget\" data-widget_type=\"image.default\">\n\t\t\t\t\t\t\t\t\t\t\t\t<figure class=\"wp-caption\">\n\t\t\t\t\t\t\t\t\t\t\t<a href=\"https:\/\/www.lamudel.com\/?page_id=406\" target=\"_blank\">\n\t\t\t\t\t\t\t<img fetchpriority=\"high\" decoding=\"async\" width=\"411\" height=\"563\" src=\"https:\/\/www.lamudel.com\/wp-content\/uploads\/2025\/09\/desinfectante_lavanda.png\" class=\"attachment-large size-large wp-image-932\" alt=\"\" srcset=\"https:\/\/www.lamudel.com\/wp-content\/uploads\/2025\/09\/desinfectante_lavanda.png 411w, https:\/\/www.lamudel.com\/wp-content\/uploads\/2025\/09\/desinfectante_lavanda-219x300.png 219w\" sizes=\"(max-width: 411px) 100vw, 411px\" \/>\t\t\t\t\t\t\t\t<\/a>\n\t\t\t\t\t\t\t\t\t\t\t<figcaption class=\"widget-image-caption wp-caption-text\">Desinfectante - Aroma Lavanda<\/figcaption>\n\t\t\t\t\t\t\t\t\t\t<\/figure>\n\t\t\t\t\t\t\t\t\t<\/div>\n\t\t\t\t<div class=\"elementor-element elementor-element-05a1311 elementor-widget elementor-widget-image\" data-id=\"05a1311\" data-element_type=\"widget\" data-e-type=\"widget\" data-widget_type=\"image.default\">\n\t\t\t\t\t\t\t\t\t\t\t\t<figure class=\"wp-caption\">\n\t\t\t\t\t\t\t\t\t\t\t<a href=\"https:\/\/www.lamudel.com\/?page_id=406\">\n\t\t\t\t\t\t\t<img decoding=\"async\" width=\"747\" height=\"1024\" src=\"https:\/\/www.lamudel.com\/wp-content\/uploads\/2025\/09\/lavavajillas_limon_dulce-747x1024.png\" class=\"attachment-large size-large wp-image-935\" alt=\"\" srcset=\"https:\/\/www.lamudel.com\/wp-content\/uploads\/2025\/09\/lavavajillas_limon_dulce-747x1024.png 747w, https:\/\/www.lamudel.com\/wp-content\/uploads\/2025\/09\/lavavajillas_limon_dulce-219x300.png 219w, https:\/\/www.lamudel.com\/wp-content\/uploads\/2025\/09\/lavavajillas_limon_dulce-768x1052.png 768w, https:\/\/www.lamudel.com\/wp-content\/uploads\/2025\/09\/lavavajillas_limon_dulce.png 864w\" sizes=\"(max-width: 747px) 100vw, 747px\" \/>\t\t\t\t\t\t\t\t<\/a>\n\t\t\t\t\t\t\t\t\t\t\t<figcaption class=\"widget-image-caption wp-caption-text\">Lavavajillas - Lim\u00f3n Dulce<\/figcaption>\n\t\t\t\t\t\t\t\t\t\t<\/figure>\n\t\t\t\t\t\t\t\t\t<\/div>\n\t\t\t\t<div class=\"elementor-element elementor-element-8bfecbe elementor-hidden-desktop elementor-hidden-tablet elementor-hidden-mobile elementor-widget elementor-widget-image\" data-id=\"8bfecbe\" data-element_type=\"widget\" data-e-type=\"widget\" data-widget_type=\"image.default\">\n\t\t\t\t\t\t\t\t\t\t\t\t\t\t\t<img decoding=\"async\" width=\"411\" height=\"330\" src=\"https:\/\/www.lamudel.com\/wp-content\/uploads\/2025\/01\/service-thumb2.png\" class=\"attachment-large size-large wp-image-42\" alt=\"\" srcset=\"https:\/\/www.lamudel.com\/wp-content\/uploads\/2025\/01\/service-thumb2.png 411w, https:\/\/www.lamudel.com\/wp-content\/uploads\/2025\/01\/service-thumb2-300x241.png 300w\" sizes=\"(max-width: 411px) 100vw, 411px\" \/>\t\t\t\t\t\t\t\t\t\t\t\t\t\t\t<\/div>\n\t\t\t\t\t<\/div>\n\t\t<\/div>\n\t\t\t\t<div class=\"elementor-column elementor-col-33 elementor-inner-column elementor-element elementor-element-c0a9e45\" data-id=\"c0a9e45\" data-element_type=\"column\" data-e-type=\"column\">\n\t\t\t<div class=\"elementor-widget-wrap elementor-element-populated\">\n\t\t\t\t\t\t<div class=\"elementor-element elementor-element-1820dbd elementor-widget elementor-widget-image\" data-id=\"1820dbd\" data-element_type=\"widget\" data-e-type=\"widget\" data-widget_type=\"image.default\">\n\t\t\t\t\t\t\t\t\t\t\t\t<figure class=\"wp-caption\">\n\t\t\t\t\t\t\t\t\t\t\t<a href=\"https:\/\/www.lamudel.com\/?page_id=406\">\n\t\t\t\t\t\t\t<img loading=\"lazy\" decoding=\"async\" width=\"747\" height=\"1024\" src=\"https:\/\/www.lamudel.com\/wp-content\/uploads\/2025\/09\/desinfectante_jazmin-747x1024.png\" class=\"attachment-large size-large wp-image-933\" alt=\"\" srcset=\"https:\/\/www.lamudel.com\/wp-content\/uploads\/2025\/09\/desinfectante_jazmin-747x1024.png 747w, https:\/\/www.lamudel.com\/wp-content\/uploads\/2025\/09\/desinfectante_jazmin-219x300.png 219w, https:\/\/www.lamudel.com\/wp-content\/uploads\/2025\/09\/desinfectante_jazmin-768x1052.png 768w, https:\/\/www.lamudel.com\/wp-content\/uploads\/2025\/09\/desinfectante_jazmin.png 864w\" sizes=\"(max-width: 747px) 100vw, 747px\" \/>\t\t\t\t\t\t\t\t<\/a>\n\t\t\t\t\t\t\t\t\t\t\t<figcaption class=\"widget-image-caption wp-caption-text\">Desinfectante - Aroma Jazmin<\/figcaption>\n\t\t\t\t\t\t\t\t\t\t<\/figure>\n\t\t\t\t\t\t\t\t\t<\/div>\n\t\t\t\t<div class=\"elementor-element elementor-element-fe3d243 elementor-widget elementor-widget-image\" data-id=\"fe3d243\" data-element_type=\"widget\" data-e-type=\"widget\" data-widget_type=\"image.default\">\n\t\t\t\t\t\t\t\t\t\t\t\t<figure class=\"wp-caption\">\n\t\t\t\t\t\t\t\t\t\t\t<a href=\"https:\/\/www.lamudel.com\/?page_id=406\">\n\t\t\t\t\t\t\t<img loading=\"lazy\" decoding=\"async\" width=\"747\" height=\"1024\" src=\"https:\/\/www.lamudel.com\/wp-content\/uploads\/2025\/09\/pack_lavavajillas_limon_dulce-747x1024.png\" class=\"attachment-large size-large wp-image-936\" alt=\"\" srcset=\"https:\/\/www.lamudel.com\/wp-content\/uploads\/2025\/09\/pack_lavavajillas_limon_dulce-747x1024.png 747w, https:\/\/www.lamudel.com\/wp-content\/uploads\/2025\/09\/pack_lavavajillas_limon_dulce-219x300.png 219w, https:\/\/www.lamudel.com\/wp-content\/uploads\/2025\/09\/pack_lavavajillas_limon_dulce-768x1052.png 768w, https:\/\/www.lamudel.com\/wp-content\/uploads\/2025\/09\/pack_lavavajillas_limon_dulce.png 864w\" sizes=\"(max-width: 747px) 100vw, 747px\" \/>\t\t\t\t\t\t\t\t<\/a>\n\t\t\t\t\t\t\t\t\t\t\t<figcaption class=\"widget-image-caption wp-caption-text\">Pack Lavavajillas - Lim\u00f3n Dulce 4L Y 500ML<\/figcaption>\n\t\t\t\t\t\t\t\t\t\t<\/figure>\n\t\t\t\t\t\t\t\t\t<\/div>\n\t\t\t\t<div class=\"elementor-element elementor-element-1e919c2 elementor-hidden-desktop elementor-hidden-tablet elementor-hidden-mobile elementor-widget elementor-widget-image\" data-id=\"1e919c2\" data-element_type=\"widget\" data-e-type=\"widget\" data-widget_type=\"image.default\">\n\t\t\t\t\t\t\t\t\t\t\t\t\t\t\t<img loading=\"lazy\" decoding=\"async\" width=\"900\" height=\"650\" src=\"https:\/\/www.lamudel.com\/wp-content\/uploads\/2025\/01\/Blog-3.png\" class=\"attachment-large size-large wp-image-518\" alt=\"\" srcset=\"https:\/\/www.lamudel.com\/wp-content\/uploads\/2025\/01\/Blog-3.png 900w, https:\/\/www.lamudel.com\/wp-content\/uploads\/2025\/01\/Blog-3-300x217.png 300w, https:\/\/www.lamudel.com\/wp-content\/uploads\/2025\/01\/Blog-3-768x555.png 768w\" sizes=\"(max-width: 900px) 100vw, 900px\" \/>\t\t\t\t\t\t\t\t\t\t\t\t\t\t\t<\/div>\n\t\t\t\t\t<\/div>\n\t\t<\/div>\n\t\t\t\t<div class=\"elementor-column elementor-col-33 elementor-inner-column elementor-element elementor-element-3069892\" data-id=\"3069892\" data-element_type=\"column\" data-e-type=\"column\">\n\t\t\t<div class=\"elementor-widget-wrap elementor-element-populated\">\n\t\t\t\t\t\t<div class=\"elementor-element elementor-element-1828871 elementor-widget elementor-widget-image\" data-id=\"1828871\" data-element_type=\"widget\" data-e-type=\"widget\" data-widget_type=\"image.default\">\n\t\t\t\t\t\t\t\t\t\t\t\t<figure class=\"wp-caption\">\n\t\t\t\t\t\t\t\t\t\t\t<a href=\"https:\/\/www.lamudel.com\/?page_id=406\">\n\t\t\t\t\t\t\t<img loading=\"lazy\" decoding=\"async\" width=\"747\" height=\"1024\" src=\"https:\/\/www.lamudel.com\/wp-content\/uploads\/2025\/09\/detergente_liquido_desinfectante-747x1024.png\" class=\"attachment-large size-large wp-image-934\" alt=\"\" srcset=\"https:\/\/www.lamudel.com\/wp-content\/uploads\/2025\/09\/detergente_liquido_desinfectante-747x1024.png 747w, https:\/\/www.lamudel.com\/wp-content\/uploads\/2025\/09\/detergente_liquido_desinfectante-219x300.png 219w, https:\/\/www.lamudel.com\/wp-content\/uploads\/2025\/09\/detergente_liquido_desinfectante-768x1052.png 768w, https:\/\/www.lamudel.com\/wp-content\/uploads\/2025\/09\/detergente_liquido_desinfectante.png 864w\" sizes=\"(max-width: 747px) 100vw, 747px\" \/>\t\t\t\t\t\t\t\t<\/a>\n\t\t\t\t\t\t\t\t\t\t\t<figcaption class=\"widget-image-caption wp-caption-text\">Detergente Liquido Desinfectante<\/figcaption>\n\t\t\t\t\t\t\t\t\t\t<\/figure>\n\t\t\t\t\t\t\t\t\t<\/div>\n\t\t\t\t<div class=\"elementor-element elementor-element-8b7dc67 elementor-widget elementor-widget-image\" data-id=\"8b7dc67\" data-element_type=\"widget\" data-e-type=\"widget\" data-widget_type=\"image.default\">\n\t\t\t\t\t\t\t\t\t\t\t\t<figure class=\"wp-caption\">\n\t\t\t\t\t\t\t\t\t\t\t<a href=\"https:\/\/www.lamudel.com\/?page_id=406\">\n\t\t\t\t\t\t\t<img loading=\"lazy\" decoding=\"async\" width=\"747\" height=\"1024\" src=\"https:\/\/www.lamudel.com\/wp-content\/uploads\/2025\/09\/Pack_Lavavajilla_Limon_Dulce_Palta_Sabila-747x1024.png\" class=\"attachment-large size-large wp-image-937\" alt=\"\" srcset=\"https:\/\/www.lamudel.com\/wp-content\/uploads\/2025\/09\/Pack_Lavavajilla_Limon_Dulce_Palta_Sabila-747x1024.png 747w, https:\/\/www.lamudel.com\/wp-content\/uploads\/2025\/09\/Pack_Lavavajilla_Limon_Dulce_Palta_Sabila-219x300.png 219w, https:\/\/www.lamudel.com\/wp-content\/uploads\/2025\/09\/Pack_Lavavajilla_Limon_Dulce_Palta_Sabila-768x1052.png 768w, https:\/\/www.lamudel.com\/wp-content\/uploads\/2025\/09\/Pack_Lavavajilla_Limon_Dulce_Palta_Sabila.png 864w\" sizes=\"(max-width: 747px) 100vw, 747px\" \/>\t\t\t\t\t\t\t\t<\/a>\n\t\t\t\t\t\t\t\t\t\t\t<figcaption class=\"widget-image-caption wp-caption-text\">Pack Lavavajilla - Lim\u00f3n Dulce  Palta S\u00e1bila 500ML<\/figcaption>\n\t\t\t\t\t\t\t\t\t\t<\/figure>\n\t\t\t\t\t\t\t\t\t<\/div>\n\t\t\t\t<div class=\"elementor-element elementor-element-50b38b5 elementor-hidden-desktop elementor-hidden-tablet elementor-hidden-mobile elementor-widget elementor-widget-image\" data-id=\"50b38b5\" data-element_type=\"widget\" data-e-type=\"widget\" data-widget_type=\"image.default\">\n\t\t\t\t\t\t\t\t\t\t\t\t\t\t\t<img loading=\"lazy\" decoding=\"async\" width=\"900\" height=\"650\" src=\"https:\/\/www.lamudel.com\/wp-content\/uploads\/2025\/01\/Blog-2.png\" class=\"attachment-large size-large wp-image-516\" alt=\"\" srcset=\"https:\/\/www.lamudel.com\/wp-content\/uploads\/2025\/01\/Blog-2.png 900w, https:\/\/www.lamudel.com\/wp-content\/uploads\/2025\/01\/Blog-2-300x217.png 300w, https:\/\/www.lamudel.com\/wp-content\/uploads\/2025\/01\/Blog-2-768x555.png 768w\" sizes=\"(max-width: 900px) 100vw, 900px\" \/>\t\t\t\t\t\t\t\t\t\t\t\t\t\t\t<\/div>\n\t\t\t\t\t<\/div>\n\t\t<\/div>\n\t\t\t\t\t<\/div>\n\t\t<\/section>\n\t\t\t\t\t<\/div>\n\t\t<\/div>\n\t\t\t\t\t<\/div>\n\t\t<\/section>\n\t\t\t\t<section class=\"elementor-section elementor-top-section elementor-element elementor-element-848c604 elementor-section-boxed elementor-section-height-default elementor-section-height-default\" data-id=\"848c604\" data-element_type=\"section\" data-e-type=\"section\" data-settings=\"{&quot;background_background&quot;:&quot;classic&quot;}\">\n\t\t\t\t\t\t<div class=\"elementor-container elementor-column-gap-default\">\n\t\t\t\t\t<div class=\"elementor-column elementor-col-100 elementor-top-column elementor-element elementor-element-d9cf048\" data-id=\"d9cf048\" data-element_type=\"column\" data-e-type=\"column\">\n\t\t\t<div class=\"elementor-widget-wrap elementor-element-populated\">\n\t\t\t\t\t\t<div class=\"elementor-element elementor-element-327a31a elementor-widget elementor-widget-image\" data-id=\"327a31a\" data-element_type=\"widget\" data-e-type=\"widget\" data-widget_type=\"image.default\">\n\t\t\t\t\t\t\t\t\t\t\t\t\t\t\t<img loading=\"lazy\" decoding=\"async\" width=\"411\" height=\"616\" src=\"https:\/\/www.lamudel.com\/wp-content\/uploads\/2025\/09\/Productos_biodegradables.png\" class=\"attachment-large size-large wp-image-928\" alt=\"\" srcset=\"https:\/\/www.lamudel.com\/wp-content\/uploads\/2025\/09\/Productos_biodegradables.png 411w, https:\/\/www.lamudel.com\/wp-content\/uploads\/2025\/09\/Productos_biodegradables-200x300.png 200w\" sizes=\"(max-width: 411px) 100vw, 411px\" \/>\t\t\t\t\t\t\t\t\t\t\t\t\t\t\t<\/div>\n\t\t\t\t\t<\/div>\n\t\t<\/div>\n\t\t\t\t\t<\/div>\n\t\t<\/section>\n\t\t\t\t<\/div>\n\t\t","protected":false},"excerpt":{"rendered":"<p>Productos Galer\u00eda de productos Desinfectante &#8211; Aroma Lavanda Lavavajillas &#8211; Lim\u00f3n Dulce Desinfectante &#8211; Aroma Jazmin Pack Lavavajillas &#8211; Lim\u00f3n Dulce 4L Y 500ML Detergente Liquido Desinfectante Pack Lavavajilla &#8211; Lim\u00f3n Dulce Palta S\u00e1bila 500ML<\/p>\n","protected":false},"author":1,"featured_media":0,"parent":0,"menu_order":0,"comment_status":"closed","ping_status":"closed","template":"page-templates\/template-default.php","meta":{"footnotes":""},"class_list":["post-582","page","type-page","status-publish","hentry"],"_links":{"self":[{"href":"https:\/\/www.lamudel.com\/index.php?rest_route=\/wp\/v2\/pages\/582","targetHints":{"allow":["GET"]}}],"collection":[{"href":"https:\/\/www.lamudel.com\/index.php?rest_route=\/wp\/v2\/pages"}],"about":[{"href":"https:\/\/www.lamudel.com\/index.php?rest_route=\/wp\/v2\/types\/page"}],"author":[{"embeddable":true,"href":"https:\/\/www.lamudel.com\/index.php?rest_route=\/wp\/v2\/users\/1"}],"replies":[{"embeddable":true,"href":"https:\/\/www.lamudel.com\/index.php?rest_route=%2Fwp%2Fv2%2Fcomments&post=582"}],"version-history":[{"count":24,"href":"https:\/\/www.lamudel.com\/index.php?rest_route=\/wp\/v2\/pages\/582\/revisions"}],"predecessor-version":[{"id":1146,"href":"https:\/\/www.lamudel.com\/index.php?rest_route=\/wp\/v2\/pages\/582\/revisions\/1146"}],"wp:attachment":[{"href":"https:\/\/www.lamudel.com\/index.php?rest_route=%2Fwp%2Fv2%2Fmedia&parent=582"}],"curies":[{"name":"wp","href":"https:\/\/api.w.org\/{rel}","templated":true}]}}